 prime factors of h(21).
2, 11, 41
Suppose -4*u = 3*j, -2*j + 3*u - 1 = -18. Let r(m) be the second derivative of -m**5/20 + m**4/2 - 3*m**2/2 + 4*m. List the prime factors of r(j).
29
Let l = 11 - 16. What are the prime factors of (l - -4)*(-15)/1?
3, 5
Let n = -144 - -62. Let h = n + 120. What are the prime factors of h?
2, 19
Suppose -70 - 10 = -q. Suppose -2*w = 4*g - q, 3*g - g = w + 36. Let j = 12 + g. What are the prime factors of j?
31
Let o(d) = d + 12. Let y be o(-12). Let g be ((-3)/2 - -2)*y. Suppose 3*m - 2*x = -4*x + 56, 2*x + 4 = g. List the prime factors of m.
2, 5
Let d(i) = -2*i**2 - 27*i + 17. Let a be d(-14). List the prime factors of a - ((-141 - 0/(-2)) + -2).
2, 73
Let n = 600 - 135. List the prime factors of n.
3, 5, 31
Let x(f) = 11*f**2 + 2*f - 1. Suppose m - 22 + 1 = -4*a, -m = -3*a + 7. Suppose 7*r = a*r + 3. List the prime factors of x(r).
2, 3
Suppose 0*k - 5*k = 1100. What are the prime factors of k/30*6/(-4)?
11
Let k = 1198 - 544. What are the prime factors of k?
2, 3, 109
Let m = 16 - 10. Let z(i) = 6*i + 9. Let d(c) = 7*c + 8. Let n(f) = m*z(f) - 5*d(f). What are the prime factors of n(5)?
19
List the prime factors of -33056*8/(-112) - (-4)/(-28).
3, 787
Suppose 0 = -42*c + 39*c + 15. Suppose c*p = 1743 - 248. List the prime factors of p.
13, 23
Suppose 456 = -891*n + 897*n. What are the prime factors of n?
2, 19
Let o = 791 + -203. What are the prime factors of o?
2, 3, 7
Let r(i) = i**2 - 7*i + 9. Let s be r(6). Suppose -3*o - 4*a = -7, 5*o - s*a = 25 + 6. Suppose 0 = 2*b - o*b + 6. What are the prime factors of b?
2
Let n be 1/(-2)*(6 + -16). Let w(p) = 2*p**3 - 5*p**2 - 5*p - 6. List the prime factors of w(n).
2, 47
Suppose -i - 2 = -3. Let w be (-2)/(i + (-44)/46). Let z = -13 - w. List the prime factors of z.
3, 11
Suppose -3*f - 2*m = -1289, -f = 2*f + m - 1291. List the prime factors of f.
431
Suppose -58 - 22 = -5*f. Let p(g) = 18*g - 40. What are the prime factors of p(f)?
2, 31
List the prime factors of (2/2 - 2)/((-1)/61).
61
Let x(o) = -o + 6. Let u = -7 - -13. Let d be x(u). Suppose 106 = -d*t + 3*t + 5*n, 4*t + 2*n = 146. List the prime factors of t.
37
Let i = 2563 + -535. What are the prime factors of i?
2, 3, 13
Suppose 0 = -22*n + 19*n + 57. Let k(v) = -v**3 + 19*v**2 + 14*v - 14. List the prime factors of k(n).
2, 3, 7
Let p = 247 - 39. What are the prime factors of p?
2, 13
Let w = -73 - -76. List the prime factors of (3 - -1 - w)/((-2)/(-356)).
2, 89
Suppose -s = -0*s - 170. Suppose -2*w = -4*n - s - 246, 631 = 3*w + n. What are the prime factors of w?
2, 3, 5, 7
Let s be 19 + -22 - (1 + (-14)/2). Suppose -4*f + 2*b = 0, -3*f = -5*f - b. Suppose f = s*c + g + g - 53, -c + 19 = 2*g. What are the prime factors of c?
17
Suppose 4*k - k + 639 = 3*g, -2*k - 4 = 0. Suppose 5*i + 0*u - 251 = 2*u, 4*i = 5*u + g. What are the prime factors of i?
7
Let r = 6 - 10. Let a(k) = 3*k**2 - 3*k - 6. Let q be a(r). Suppose -2*g + 7*u - 3*u + q = 0, -4*g + 2*u + 96 = 0. List the prime factors of g.
23
Let b = -95 + 380. Let r = -173 + b. List the prime factors of r.
2, 7
Suppose -202*x + 204*x - 154 = 0. What are the prime factors of x?
7, 11
List the prime factors of ((-26)/(-6))/((11/213)/11).
13, 71
Suppose -x = -4*s + 24, 13 = -0*x - 2*x + s. What are the prime factors of x - -12 - (4 + -1)?
5
Let i be 5 - ((-8)/(-6) + 2/(-6)). Let l be ((-6)/9)/((-2)/21). Suppose -3*c = -i*j - 25, 0 = -4*c - j + 1 + l. List the prime factors of c.
3
Suppose -2*g = -5*f + 3629, -6*g - 1454 = -2*f - 4*g. What are the prime factors of f?
5, 29
Suppose 0 = f + 3 - 43. Suppose 2*t + 169 = 3*a, -5*a + 281 = -0*a - 4*t. Let z = a - f. List the prime factors of z.
17
Suppose 18*o - 20*o + 608 = 0. List the prime factors of o.
2, 19
Suppose i + 3*h - 250 = 6*i, i + 50 = -5*h. Let y = i - -113. List the prime factors of y.
3, 7
Let r be (-6)/9*(7 + -4). List the prime factors of r - 67*(-4 - -3).
5, 13
Suppose 0 = -2*o - 2*o + 3*m + 531, m - 527 = -4*o. List the prime factors of o - (-5 + 0 + 2).
3, 5
Suppose 0 = 9*s - 8*s - 6. Suppose -s*o - 270 = -9*o. What are the prime factors of o?
2, 3, 5
Let s = 11 + -8. Suppose 0 - 3 = -s*n. List the prime factors of 55/10*2*n.
11
Let x be 4/8 + 7/(-2) - -2. List the prime factors of (x/(-3))/(11/660).
2, 5
Let w(g) = g**3 - 17*g**2 + 4*g - 18. Let r be w(17). Suppose 0 = -7*x + 12*x - r. What are the prime factors of x?
2, 5
Suppose 98 = -5*y - 42. List the prime factors of (-8)/y - (-122)/14.
3
Let c(j) = 2*j - 7. Let t(k) = k - 1. Let h(y) = -c(y) + 5*t(y). Let d(n) = n**2 - 7*n - 1. Let r be d(8). What are the prime factors of h(r)?
23
Let a(f) = 2*f + 2*f - 10 + 15 + f**3 - 14*f**2 + 0*f**3. What are the prime factors of a(14)?
61
Suppose -3*u = -14*u + 1815. What are the prime factors of u?
3, 5, 11
Suppose t + 4*p + 0*p + 6 = 0, 0 = t + 5*p + 9. Suppose 0 = -t*b + 19*b - 468. What are the prime factors of b?
2, 3
Let u(q) = 7 - 6 + 12*q + 58*q. List the prime factors of u(1).
71
Suppose 0 = -8*x + 110 - 22. Let g = x - 7. Suppose h + g*d + 102 = 3*h, 4*d + 212 = 4*h. What are the prime factors of h?
5, 11
List the prime factors of ((-32)/(-20))/((-76)/(-181735)).
2, 1913
Let p be (-405)/(-10) + 2/(-4). Let d be (2/9)/(7/63). Suppose p = d*r - 56. What are the prime factors of r?
2, 3
Suppose -14*z + 47171 - 12367 = 0. List the prime factors of z.
2, 11, 113
Let p be 136/(-6)*3 + 1. Let o be p*(0 - 1) + 3. Let r = o - 39. What are the prime factors of r?
31
Suppose -3*d + 4*d + 144 = o, -606 = -4*o - 2*d. What are the prime factors of o?
149
Suppose 8*g + 683 - 1867 = 0. List the prime factors of (1870/8)/1 - (-37)/g.
2, 3, 13
Let x be (-86)/(-18) + (-2)/(-9). Let q(u) be the second derivative of u**5/20 - u**4/3 + u**3/6 + 5*u**2/2 + u - 8. List the prime factors of q(x).
5, 7
Let m(x) = 3*x**2 + 5*x - 4. Let h = -30 - -33. Suppose o + 4*p + 0 = -5, -h*o + 5*p + 19 = 0. What are the prime factors of m(o)?
2, 19
Let x(y) = y**2 - 15*y - 6. What are the prime factors of x(-18)?
2, 3, 7
Suppose -m = -2*w, 1 = -2*w - 1. Let q(d) = 29*d**2 - 3*d - 8. List the prime factors of q(m).
2, 3, 19
Let f = 1 + -1. Suppose f = 8*x - 10*x + 182. List the prime factors of x.
7, 13
Let b(w) = 6*w - 16. Let n be b(7). Let k = n + -26. Suppose 2*a - 4*p = -k*p + 28, 0 = 5*a + 2*p - 94. What are the prime factors of a?
2, 3
Let i(h) = 9*h**2. Let f be i(-1). Suppose -5*t = 2*s + 5, -4*s = 5*t - t + 16. Let k = s + f. List the prime factors of k.
2
Suppose 2*s - 8 = 0, 0 = -k - 5*s + 926 + 498. List the prime factors of k.
2, 3, 13
Let g(l) = -194*l - 360. What are the prime factors of g(-4)?
2, 13
Suppose 2*q - 95 = -3*k, -2*q - k - 13 + 110 = 0. Let h = 70 - q. What are the prime factors of h?
3, 7
Suppose -12 = -3*t, -3*t - 500 = 5*n - 6662. List the prime factors of n.
2, 3, 5, 41
What are the prime factors of ((-627)/132)/(3/(-168))?
2, 7, 19
Let t(p) = -8*p + 7. Let b be t(-15). Let j = b + -66. List the prime factors of j.
61
Let c(t) = t**2 - 12*t + 31. Let x be c(-7). Suppose 6*p - 2024 = -x. What are the prime factors of p?
2, 5, 31
Let y = -99 + 230. List the prime factors of y.
131
Let h = 79 + -99. Let b = 29 + h. What are the prime factors of b?
3
What are the prime factors of (-36)/63 - ((-7836)/14)/3?
2, 3, 31
Suppose 3*l + s = 1855, 5*l - 2719 = 4*s + 401. What are the prime factors of l?
2, 5, 31
Suppose 2*p + 0*o - o = 19, 0 = -3*o + 3. Suppose -37 = -3*l - 4*z + 13, p = 3*l - 4*z. Let j = l + 5. List the prime factors of j.
3, 5
Suppose -w + 0*w - 11943 = -5*v, -v = -5*w - 2379. List the prime factors of v.
2389
Let t(a) be the second derivative of -29*a**5/5 - a**4/6 - a**3/3 - a**2/2 - 15*a. List the prime factors of t(-1).
5, 23
Let u = 3378 + -1781. What are the prime factors of u?
1597
Let g(m) = m + 4. Let r be g(6). Let z = 8 - r. What are the prime factors of (12 + 12)/((-3)/z)?
2
Let g(j) = -j**2 - 21*j - 8. Suppose 3*r - 5*w = -1, -r - 4*w = 15 + 8. What are the prime factors of g(r)?
2, 3, 5
Suppose 0*s - 2066 = -2*s - 4*m, 0 = 5*s + 4*m - 5165. What are the prime factors of s?
1033
Let x = -12 + 17. Let v be (-2)/x - 187/(-5). Let i = v + -21. List the prime factors of i.
2
Let s(r) = r - 12. Let z be s(9). What are the prime factors of ((-108)/16)/3*8/z?
2, 3
Sup